{"id":383,"date":"2023-08-22T22:38:25","date_gmt":"2023-08-22T22:38:25","guid":{"rendered":"https:\/\/erntefest-ohndorf.de\/?page_id=383"},"modified":"2025-08-20T09:13:30","modified_gmt":"2025-08-20T09:13:30","slug":"faq","status":"publish","type":"page","link":"https:\/\/erntefest-ohndorf.de\/?page_id=383","title":{"rendered":"Fragen und Antworten"},"content":{"rendered":"\n<p>Antworten zu den h\u00e4ufigsten Fragen bekommst Du hier!<\/p>\n\n\n\n<hr class=\"wp-block-separator has-alpha-channel-opacity\"\/>\n\n\n\n<details class=\"wp-block-details is-layout-flow wp-block-details-is-layout-flow\"><summary>Wo kann ich Tickets f\u00fcr die Veranstaltung kaufen?<\/summary>\n<p><br>Der Vorverkauf startet am 29. August und endet sp\u00e4testens am 19. September oder fr\u00fcher, sofern alle Tickets vergriffen sind. Aber keine Sorge, auch wenn das Kontingent im Vorverkauf komplett vergriffen ist, gibt es an jedem Veranstaltungstag noch ein Kontingent an Karten an der Abendkasse, das nicht \u00fcber den Vorverkauf erh\u00e4ltlich ist.<br><br>Die Vorverkaufsstellen sind:<br><br><a href=\"https:\/\/brueggenwirth.de\/\"><strong>Obst- und Weingut Br\u00fcggenwirth<\/strong><\/a><br>Im Winkel 2<br>31559 Ohndorf<br><br><strong>Hair Classix (Inh. Frauke Hoffmann-Schmidt)<\/strong><br>Bundesstra\u00dfe 1<br>31555 Kreuzriehe<\/p>\n<\/details>\n\n\n\n<hr class=\"wp-block-separator has-alpha-channel-opacity\"\/>\n\n\n\n<details class=\"wp-block-details is-layout-flow wp-block-details-is-layout-flow\"><summary>Wie viel kosten die Tickets?<\/summary>\n<p><br>Die Tickets kosten:<br>Freitag &#8211; Zeltdisco mit Soundmachine &#8211; 9 Euro im Vorverkauf &#8211; 10 Euro an der Abendkasse<br>Samstag &#8211; Zeltparty mit b\u00e4m &#8211; 12 Euro im Vorverkauf &#8211; 13 Euro an der Abendkasse<br>Sonntag &#8211; Katerfr\u00fchst\u00fcck &#8211; 16 Euro im Vorverkauf &#8211; 18 Euro an der Tageskasse<br><\/p>\n<\/details>\n\n\n\n<hr class=\"wp-block-separator has-alpha-channel-opacity\"\/>\n\n\n\n<details class=\"wp-block-details is-layout-flow wp-block-details-is-layout-flow\"><summary>Jugendschutz<\/summary>\n<p><br>Am Freitag und Samstag findet kein Einlass f\u00fcr Jugendliche unter 16 Jahren statt. F\u00fcr Jugendliche unter 18 Jahren findet nur ein Einlass in Begleitung eines Erziehungsberechtigten oder einer vollj\u00e4hrigen Person, der die Erziehungsberechtigung \u00fcbertragen wurde, statt. Die Vordrucke f\u00fcr die Erziehungsauftr\u00e4ge findest Du hier auf der Website auf der rechten Seite unter Erziehungsauftrag.<br><\/p>\n<\/details>\n\n\n\n<hr class=\"wp-block-separator has-alpha-channel-opacity\"\/>\n\n\n\n<details class=\"wp-block-details is-layout-flow wp-block-details-is-layout-flow\"><summary>Sicherheitshinweis<\/summary>\n<p><br>Safety first! Wir wollen alle friedlich und ausgelassen feiern. Aufgrund der Sicherheitsma\u00dfnahmen bitten wir Dich, rechtzeitig zu unseren Veranstaltungen anzureisen und somit l\u00e4ngere Wartezeiten beim Einlass (Personen- und Taschenkontrollen) zu verhindern. Beschr\u00e4nke Dich sich auf wesentliche Gegenst\u00e4nde wie Handy, Schl\u00fcssel, Portemonnaie etc. und verzichte auf gro\u00dfe Taschen, Handtaschen und Rucks\u00e4cke. Dies erleichtert den Ordnungskr\u00e4ften ihre Arbeit und beschleunigt das Einlassverfahren.<br><\/p>\n<\/details>\n\n\n\n<hr class=\"wp-block-separator has-alpha-channel-opacity\"\/>\n\n\n\n<details class=\"wp-block-details is-layout-flow wp-block-details-is-layout-flow\"><summary>Kann ich mein Ticket zur\u00fcckgeben oder umtauschen?<\/summary>\n<p><br>Der Umtausch oder die R\u00fcckgabe der Tickets ist nicht m\u00f6glich.<br><\/p>\n<\/details>\n\n\n\n<hr class=\"wp-block-separator has-alpha-channel-opacity\"\/>\n\n\n\n<details class=\"wp-block-details is-layout-flow wp-block-details-is-layout-flow\"><summary>Was kann ich bei Verlust\/Diebstahl meines Tickets tun?<\/summary>\n<p><br>Bei Verlust oder Diebstahl Deines Tickets k\u00f6nnen wir Dir leider kein neues Ticket ausstellen. Wenn das Ticket in fremde H\u00e4nde ger\u00e4t, kann diese Person die Veranstaltung besuchen und es w\u00fcrde daraufhin zu  Kapazit\u00e4tsproblem kommen. Bitte hab Verst\u00e4ndnis, dass wir hier keine Ausnahmen machen k\u00f6nnen.<br><\/p>\n<\/details>\n\n\n\n<hr class=\"wp-block-separator has-alpha-channel-opacity\"\/>\n\n\n\n<details class=\"wp-block-details is-layout-flow wp-block-details-is-layout-flow\"><summary>Ab wann beginnt der Einlass zu der Veranstaltung?<\/summary>\n<p><br>Der Einlass beginnt am Freitag um 21:00 Uhr, am Samstag um 20:00 Uhr und am Sonntag im Anschluss an den Rundmarsch zur Abholung der Majest\u00e4ten.<br><\/p>\n<\/details>\n\n\n\n<hr class=\"wp-block-separator has-alpha-channel-opacity\"\/>\n\n\n\n<details class=\"wp-block-details is-layout-flow wp-block-details-is-layout-flow\"><summary>Wann \u00f6ffnet die Abendkasse?<\/summary>\n<p><br>Die Abendkasse \u00f6ffnet zeitgleich mit dem Beginn des Einlasses. <br><\/p>\n<\/details>\n\n\n\n<hr class=\"wp-block-separator has-alpha-channel-opacity\"\/>\n","protected":false},"excerpt":{"rendered":"<p>Antworten zu den h\u00e4ufigsten Fragen bekommst Du hier!<\/p>\n","protected":false},"author":1,"featured_media":209,"parent":0,"menu_order":0,"comment_status":"closed","ping_status":"closed","template":"","meta":{"footnotes":""},"class_list":["post-383","page","type-page","status-publish","has-post-thumbnail","hentry"],"_links":{"self":[{"href":"https:\/\/erntefest-ohndorf.de\/index.php?rest_route=\/wp\/v2\/pages\/383","targetHints":{"allow":["GET"]}}],"collection":[{"href":"https:\/\/erntefest-ohndorf.de\/index.php?rest_route=\/wp\/v2\/pages"}],"about":[{"href":"https:\/\/erntefest-ohndorf.de\/index.php?rest_route=\/wp\/v2\/types\/page"}],"author":[{"embeddable":true,"href":"https:\/\/erntefest-ohndorf.de\/index.php?rest_route=\/wp\/v2\/users\/1"}],"replies":[{"embeddable":true,"href":"https:\/\/erntefest-ohndorf.de\/index.php?rest_route=%2Fwp%2Fv2%2Fcomments&post=383"}],"version-history":[{"count":13,"href":"https:\/\/erntefest-ohndorf.de\/index.php?rest_route=\/wp\/v2\/pages\/383\/revisions"}],"predecessor-version":[{"id":442,"href":"https:\/\/erntefest-ohndorf.de\/index.php?rest_route=\/wp\/v2\/pages\/383\/revisions\/442"}],"wp:featuredmedia":[{"embeddable":true,"href":"https:\/\/erntefest-ohndorf.de\/index.php?rest_route=\/wp\/v2\/media\/209"}],"wp:attachment":[{"href":"https:\/\/erntefest-ohndorf.de\/index.php?rest_route=%2Fwp%2Fv2%2Fmedia&parent=383"}],"curies":[{"name":"wp","href":"https:\/\/api.w.org\/{rel}","templated":true}]}}